{"id":533,"date":"2015-06-25T17:20:50","date_gmt":"2015-06-25T17:20:50","guid":{"rendered":"https:\/\/www.parrafamilyorganic.com\/esp\/?page_id=533"},"modified":"2017-03-07T17:00:32","modified_gmt":"2017-03-07T17:00:32","slug":"parra-jimenez-garnacha","status":"publish","type":"page","link":"https:\/\/www.parrafamilyorganic.com\/esp\/parra-jimenez-garnacha","title":{"rendered":"Parra Jim\u00e9nez Garnacha"},"content":{"rendered":"<p><img decoding=\"async\" class=\"alignleft imgbox2\" src=\"https:\/\/www.parrafamilyorganic.com\/images\/wines\/img_wine_pj_gar2.jpg\" alt=\"\"><em>Lo que hace este vino especial: su color rosa oscuro-seco, perfecto para una tarde calurosa de verano. Sin embargo, posee la mineralidad y la profundidad necesaria para saborear durante todo el a\u00f1o.<\/em><br \/>\n<br \/>\n<strong>Variedad<\/strong>: Garnacha Org\u00e1nica 100%.<br \/>\n<br \/>\n<strong>Vinificaci\u00f3n y Crianza:<\/strong> Elaborado con uvas Garnacha fermentado en dep\u00f3sitos de acero, el jugo macera lo suficiente con la piel para impartir un precioso color rosa.<br \/>\n<br \/>\n<strong>Nota de cata:<\/strong> Vino de color rosa con reflejos salm\u00f3n. En nariz accesibles toques de fresa, frambuesa y ar\u00e1ndano, da paso a notas de piedra mojada y pizarra. Ligero, fresco y tonificante en el paladar.<br \/>\n<br \/>\n<strong>Maridaje:<\/strong> Pizza, ensaladas, carnes fr\u00edas y quesos en rodajas. Tambi\u00e9n, perfecta con pollo asado, platos de cerdo y otros platos m\u00e1s pesados. Pruebe con: Barbacoa.<br \/>\n<br \/>\n<strong>Contenido alcoh\u00f3lico:<\/strong> 12.5%.<br \/>\n<a href=\"https:\/\/www.parrafamilyorganic.com\/esp\/download\/tg\/tg_esp_pj_gar.pdf\" target=\"_blank\"><em>Descargar ficha t\u00e9cnica (pdf)<\/em><\/a><\/p>\n","protected":false},"excerpt":{"rendered":"<p>Lo que hace este vino especial: su color rosa oscuro-seco, perfecto para una tarde calurosa de verano. Sin embargo, posee la mineralidad y la profundidad necesaria para saborear durante todo el a\u00f1o. Variedad: Garnacha Org\u00e1nica 100%. Vinificaci\u00f3n y Crianza: Elaborado con uvas Garnacha fermentado en dep\u00f3sitos de acero, el jugo macera lo suficiente con la [&hellip;]<\/p>\n","protected":false},"author":1,"featured_media":0,"parent":0,"menu_order":8,"comment_status":"closed","ping_status":"open","template":"","meta":{"footnotes":""},"class_list":["post-533","page","type-page","status-publish","hentry"],"_links":{"self":[{"href":"https:\/\/www.parrafamilyorganic.com\/esp\/wp-json\/wp\/v2\/pages\/533","targetHints":{"allow":["GET"]}}],"collection":[{"href":"https:\/\/www.parrafamilyorganic.com\/esp\/wp-json\/wp\/v2\/pages"}],"about":[{"href":"https:\/\/www.parrafamilyorganic.com\/esp\/wp-json\/wp\/v2\/types\/page"}],"author":[{"embeddable":true,"href":"https:\/\/www.parrafamilyorganic.com\/esp\/wp-json\/wp\/v2\/users\/1"}],"replies":[{"embeddable":true,"href":"https:\/\/www.parrafamilyorganic.com\/esp\/wp-json\/wp\/v2\/comments?post=533"}],"version-history":[{"count":4,"href":"https:\/\/www.parrafamilyorganic.com\/esp\/wp-json\/wp\/v2\/pages\/533\/revisions"}],"predecessor-version":[{"id":628,"href":"https:\/\/www.parrafamilyorganic.com\/esp\/wp-json\/wp\/v2\/pages\/533\/revisions\/628"}],"wp:attachment":[{"href":"https:\/\/www.parrafamilyorganic.com\/esp\/wp-json\/wp\/v2\/media?parent=533"}],"curies":[{"name":"wp","href":"https:\/\/api.w.org\/{rel}","templated":true}]}}

Parra Jiménez Garnacha

<p><img decoding="async" class="alignleft imgbox2" src="https://www.parrafamilyorganic.com/images/wines/img_wine_pj_gar2.jpg" alt=""><em>Lo que hace este vino especial: su color rosa oscuro-seco, perfecto para una tarde calurosa de verano. Sin embargo, posee la mineralidad y la profundidad necesaria para saborear durante todo el año.</em><br />
<br />
<strong>Variedad</strong>: Garnacha Orgánica 100%.<br />
<br />
<strong>Vinificación y Crianza:</strong> Elaborado con uvas Garnacha fermentado en depósitos de acero, el jugo macera lo suficiente con la piel para impartir un precioso color rosa.<br />
<br />
<strong>Nota de cata:</strong> Vino de color rosa con reflejos salmón. En nariz accesibles toques de fresa, frambuesa y arándano, da paso a notas de piedra mojada y pizarra. Ligero, fresco y tonificante en el paladar.<br />
<br />
<strong>Maridaje:</strong> Pizza, ensaladas, carnes frías y quesos en rodajas. También, perfecta con pollo asado, platos de cerdo y otros platos más pesados. Pruebe con: Barbacoa.<br />
<br />
<strong>Contenido alcohólico:</strong> 12.5%.<br />
<a href="https://www.parrafamilyorganic.com/esp/download/tg/tg_esp_pj_gar.pdf" target="_blank"><em>Descargar ficha técnica (pdf)</em></a></p>

<p>Lo que hace este vino especial: su color rosa oscuro-seco, perfecto para una tarde calurosa de verano. Sin embargo, posee la mineralidad y la profundidad necesaria para saborear durante todo el año. Variedad: Garnacha Orgánica 100%. Vinificación y Crianza: Elaborado con uvas Garnacha fermentado en depósitos de acero, el jugo macera lo suficiente con la [&hellip;]</p>
